s the highest common factor of 223080 and 440?
440
What is the greatest common divisor of 194041 and 61?
61
Calculate the highest common divisor of 51 and 32640.
51
Calculate the highest common divisor of 480 and 244680.
120
Calculate the highest common divisor of 7784 and 631616.
1112
Calculate the greatest common factor of 203862 and 1098.
366
What is the greatest common factor of 48 and 55472?
16
What is the greatest common factor of 85 and 13086685?
85
What is the greatest common divisor of 13128 and 136?
8
Calculate the greatest common factor of 364 and 185276.
364
What is the highest common factor of 42534 and 36?
18
Calculate the highest common divisor of 1265 and 15840.
55
Calculate the greatest common factor of 394996 and 91.
7
Calculate the highest common factor of 62283 and 273.
39
What is the highest common factor of 1022 and 3122?
14
Calculate the greatest common factor of 368 and 215464.
184
What is the highest common factor of 116 and 129427?
29
Calculate the highest common divisor of 201592 and 1808.
904
What is the greatest common factor of 1216 and 2112?
64
What is the greatest common factor of 2582 and 10?
2
What is the highest common divisor of 528 and 923088?
48
What is the highest common divisor of 489850 and 202?
202
Calculate the highest common divisor of 145 and 16395.
5
What is the greatest common factor of 3406 and 8?
2
Calculate the highest common divisor of 766437 and 189.
21
What is the highest common factor of 5860 and 17320?
20
What is the highest common factor of 16008 and 1104?
552
What is the greatest common factor of 650539 and 65279?
2251
What is the highest common divisor of 135 and 1480302?
27
Calculate the highest common factor of 1472 and 1909.
23
Calculate the highest common factor of 438716 and 1340.
268
What is the greatest common factor of 432 and 87372?
108
What is the greatest common divisor of 24615 and 945?
45
What is the greatest common divisor of 519 and 4512?
3
Calculate the greatest common factor of 5074 and 54266.
86
What is the highest common divisor of 4992 and 11622?
78
What is the highest common factor of 3333 and 9393?
303
What is the highest common factor of 1722 and 25338?
246
What is the highest common divisor of 165625 and 265?
265
Calculate the highest common divisor of 41943 and 279.
93
What is the highest common factor of 1634916 and 328?
164
Calculate the highest common factor of 3867 and 16.
1
Calculate the greatest common divisor of 3232 and 30603.
101
What is the greatest common divisor of 4123 and 79515?
589
Calculate the highest common factor of 1102 and 483778.
1102
Calculate the highest common divisor of 62468 and 16100.
644
Calculate the greatest common divisor of 46217 and 409.
409
What is the greatest common factor of 46 and 19274?
46
Calculate the highest common factor of 8790992 and 147.
49
What is the highest common divisor of 169174 and 2696?
674
Calculate the highest common divisor of 140013 and 18.
9
Calculate the greatest common divisor of 8835814 and 78.
26
Calculate the highest common divisor of 82 and 510901.
41
Calculate the greatest common divisor of 2006 and 3658.
118
What is the highest common divisor of 28115 and 5?
5
What is the greatest common divisor of 1035 and 6795?
45
Calculate the highest common divisor of 265 and 22631.
53
What is the greatest common factor of 121653 and 42?
21
What is the highest common factor of 15655 and 40400?
505
Calculate the greatest common divisor of 36570 and 636000.
1590
What is the highest common divisor of 8875 and 1750?
125
What is the greatest common divisor of 22 and 98659?
11
What is the greatest common factor of 115 and 14743?
23
What is the greatest common divisor of 430 and 73745?
215
What is the highest common factor of 20212 and 1467?
163
What is the highest common divisor of 402 and 214534?
134
What is the greatest common factor of 1211 and 2249?
173
What is the greatest common divisor of 88863 and 57?
57
What is the greatest common divisor of 625000 and 40?
40
Calculate the greatest common divisor of 190483 and 5497.
239
Calculate the highest common factor of 3510 and 2268.
54
Calculate the highest common factor of 4624893 and 315.
63
What is the highest common divisor of 1748 and 51129?
437
What is the highest common factor of 24 and 281484?
12
What is the greatest common factor of 235352 and 292?
292
What is the greatest common divisor of 15136 and 517?
11
What is the greatest common divisor of 94280 and 130?
10
Calculate the highest common factor of 9250 and 500.
250
Calculate the highest common divisor of 20 and 3638.
2
Calculate the highest common divisor of 1308 and 15724776.
1308
Calculate the greatest common factor of 50 and 166000.
50
Calculate the greatest common factor of 1600 and 42760.
40
Calculate the greatest common divisor of 1557900 and 189.
27
What is the highest common divisor of 384776 and 112?
56
What is the greatest common factor of 45 and 109593?
9
What is the highest common divisor of 115 and 33795?
5
Calculate the greatest common divisor of 2562 and 2604.
42
What is the greatest common factor of 33500 and 10988?
268
Calculate the highest common divisor of 10705465 and 635.
635
Calculate the greatest common divisor of 203157 and 27.
9
Calculate the highest common divisor of 1288 and 4536.
56
Calculate the greatest common divisor of 106 and 83263.
53
What is the greatest common divisor of 3 and 49836?
3
What is the highest common divisor of 48837 and 219?
219
What is the greatest common factor of 321945 and 7098?
507
Calculate the greatest common factor of 137381 and 1504.
47
Calculate the greatest common factor of 849700 and 7540.
580
What is the highest common divisor of 6342 and 164439?
453
Calculate the highest common divisor of 8164 and 208.
52
Calculate the highest common divisor of 309 and 1502049.
309
What is the greatest common divisor of 755 and 355?
5
What is the greatest common factor of 87 and 502657?
29
Calculate the highest common factor of 783 and 7743.
87
What is the greatest common divisor of 14289 and 997632?
1299
Calculate the greatest common factor of 15851 and 299728.
1441
What is the highest common divisor of 480 and 39400?
40
What is the highest common factor of 1437960 and 368?
184
Calculate the greatest common divisor of 222 and 3443997.
111
Calculate the highest common factor of 1472800 and 224.
224
Calculate the highest common divisor of 27 and 113247.
9
Calculate the greatest common factor of 220 and 12364.
44
What is the highest common divisor of 603486 and 351?
117
What is the greatest common factor of 4 and 695564?
4
What is the greatest common divisor of 103047 and 42?
21
What is the greatest common divisor of 10668 and 159639?
381
Calculate the highest common factor of 79296 and 236.
236
Calculate the greatest common factor of 170 and 1740.
10
Calculate the highest common factor of 34 and 175525.
17
What is the greatest common divisor of 261 and 16124?
29
What is the greatest common divisor of 8688 and 54288?
48
What is the highest common divisor of 32 and 6852?
4
What is the highest common divisor of 189 and 2653?
7
What is the greatest common factor of 7074 and 533170?
262
Calculate the greatest common divisor of 20 and 205.
5
What is the greatest common factor of 90 and 463320?
90
What is the highest common factor of 70952 and 27512?
1448
Calculate the highest common divisor of 14665 and 315.
35
What is the highest common divisor of 7390 and 490?
10
What is the greatest common factor of 111804 and 66?
66
What is the greatest common factor of 53816 and 620?
124
What is the highest common factor of 1228770 and 2025?
405
Calculate the greatest common divisor of 65590 and 12530.
70
What is the greatest common divisor of 856973 and 169?
13
What is the highest common factor of 63462 and 42?
42
Calculate the highest common factor of 917253 and 18.
9
Calculate the highest common factor of 46 and 54.
2
Calculate the highest common factor of 325 and 8275.
25
Calculate the highest common divisor of 30625 and 24625.
125
Calculate the highest common factor of 355089 and 2072.
259
Calculate the highest common divisor of 1438 and 64.
2
Calculate the greatest common factor of 4366 and 2950.
118
Calculate the greatest common factor of 28 and 14609.
7
What is 